k. What is the remainder when n is divided by 6?
4
Let p be (-56)/(-30) - 4/(-30). Suppose 0 = 5*h - p*h - 105. Suppose 0 = -5*b + b + 72. What is the remainder when h is divided by b?
17
Let q(o) = o + 8. Let y(w) = -w**2 + 14*w + 4. Let r be y(14). Calculate the remainder when (-19 + r)*1/(-3) is divided by q(-6).
1
What is the remainder when 2 is divided by -2*(-3 - -4)*-1?
0
Suppose 0 = 2*c + 3*c - 15, -4*d + 2*c = -34. Let x(w) = w + 14. Calculate the remainder when d is divided by x(-8).
4
Let d = 5 - 3. Suppose -d*k - 27 = -3*k. Calculate the remainder when 53 is divided by k.
26
Suppose -2*s + 5 + 13 = 0. Let l be 1 - -3 - (-2 - -1). Let k = s - l. What is the remainder when k is divided by 2?
0
Suppose -3*i + 200 = i. Suppose k = 6*k - 65. Calculate the remainder when i is divided by k.
11
Suppose -4*z - 12 = -z. Let s be ((-688)/((-4)/1))/2. What is the remainder when z/(-12) - s/(-3) is divided by 15?
14
Let t(z) = -z**2 - 12*z + 10. What is the remainder when t(-11) is divided by 9 + (0 - 4/(-2))?
10
Suppose 7*k - 2*k - 295 = -5*g, 0 = -4*g - 5*k + 239. What is the remainder when g is divided by 12?
8
Suppose -t = -3*t + 46. Calculate the remainder when t is divided by 8.
7
Suppose -u = 2*u - 4*g - 24, 4*u - 5*g = 31. Let o(v) = 4*v - 9. What is the remainder when o(5) is divided by u?
3
Let q(n) = 3*n - 1 - 2*n - 2*n. Let s be q(-2). Calculate the remainder when (-48)/(-10) + s/5 is divided by 3.
2
Let t(i) = -i**2 + 10*i - 11. What is the remainder when 154 is divided by t(2)?
4
What is the remainder when ((-5)/3)/(0 - 1/3) is divided by 4?
1
Suppose 4*n - 12 = 5*v, -5 = -n - 4*v + 19. Calculate the remainder when 21 is divided by n.
5
Let p = 5 + 9. What is the remainder when 41 is divided by p?
13
Suppose 28 = 4*h - 68. What is the remainder when 67 is divided by h?
19
Suppose 2*d = 5*d - 270. Calculate the remainder when d is divided by 31.
28
Suppose 0 = -5*l + 3*l + 10. What is the remainder when (-2)/(2*-1) - -28 is divided by ((-12)/l - -2)*-25?
9
Suppose 0 = -3*z + 38 + 31. Calculate the remainder when z is divided by 6.
5
Suppose -4*n = 3*o - 172, -6*n - 165 = -3*o - 3*n. Let g = o - 3. Let w(k) = k**2 + 2. What is the remainder when g is divided by w(4)?
17
Suppose -2*z + 7*z = 35. Suppose 0 = j - 5*w + z + 6, 5*w - 25 = 0. What is the remainder when j is divided by 7?
5
Suppose -3*f + 92 = 2*r - f, 0 = -r - 3*f + 56. What is the remainder when r is divided by 15?
11
Suppose 0*l = -5*d + 2*l - 84, 4*d + 5*l = -54. Let r = d - -23. Let x = 8 + r. Calculate the remainder when 28 is divided by x.
13
Suppose 2*j = 19 + 3. What is the remainder when 21 is divided by j?
10
Suppose -3*x - 5*m = -84, -2*x + 5*x = -m + 72. Suppose 6*o - 282 = -3*d + 3*o, -5 = -o. Calculate the remainder when d is divided by x.
20
Suppose 6*y - 73 = 143. Suppose 0 = -q + 2 + 2. Suppose q*b - 11 = 65. What is the remainder when y is divided by b?
17
Suppose 2*i - 12 = 16. Let p be 2 - -1 - (-82 + 3). Suppose -h - p = 4*u - 7*u, -2*u = -4*h - 58. What is the remainder when u is divided by i?
13
Suppose 4*r + 24 = 5*l + 2*r, -2*r + 24 = 3*l. Calculate the remainder when ((-2)/1)/(l/(-33)) is divided by 3.
2
Suppose 45 - 69 = -6*d. What is the remainder when 85 is divided by d?
1
Suppose 120 + 40 = 8*o. Let z(w) = -w + 9. Let s be z(6). Let p(g) = -g**3 + 4*g**2 + g - 1. What is the remainder when o is divided by p(s)?
9
Let l be (-15)/(-3) - (0 - -1). Calculate the remainder when 43 is divided by (-22)/(-2 - -4 - l).
10
Suppose t + 2*t = -6. Calculate the remainder when ((-7)/4)/(2/(-8)) is divided by (3/t - 0)*-2.
1
Let t(l) = -l**3 - 11*l**2 - 14*l + 8. What is the remainder when t(-10) is divided by (-1 - -2)*(1 - -24)?
23
Let v = -22 - -64. What is the remainder when v is divided by 22?
20
Let o = -66 + 108. Suppose -a + o = 2*a. Calculate the remainder when a is divided by 5.
4
Let v(g) = -g**3 + 22*g**2 + g + 25. Calculate the remainder when 93 is divided by v(22).
46
Suppose 60 = 3*y - 2*y. Suppose 4*p = 5*b + 45 + y, -103 = -4*p + 3*b. What is the remainder when p is divided by 7?
4
Let s = -27 - -47. What is the remainder when 39 + (-4)/8*4 is divided by s?
17
Let v be (2 - (-16)/(-6))*-3. Let h(g) = 7*g + 1. What is the remainder when -58*(3 + (-14)/4)*2 is divided by h(v)?
13
Calculate the remainder when ((-270)/60)/((-1)/24) is divided by 16.
12
Suppose 4*k = 20, -7 = -2*b - 4*k + 29. What is the remainder when b is divided by 6?
2
Let q be (-2)/8 - (-505)/20. Let p = -45 - q. What is the remainder when ((-4)/10)/(1/p) is divided by 10?
8
Calculate the remainder when 37 is divided by 23/3 - -1 - (-8)/(-12).
5
Let y(r) = 4*r - 8. Let x = 4 + 31. Suppose 4*l + l = x. Calculate the remainder when y(l) is divided by 11.
9
Suppose 0 = -5*w - 3*d - 2*d + 35, -5*d = 0. Let r be 3*(1 - (-116)/6). Suppose -4*b - 13 = -r. Calculate the remainder when b is divided by w.
5
Let j = 3 - 2. Let u be j + (-3)/(-6)*6. What is the remainder when 22 is divided by (6/u)/((-3)/(-16))?
6
Suppose 0*z - 5*z = 2*p, 4*z + 46 = 3*p. Suppose 2*r + a - 76 = 0, 2*r + 0*r + 4*a = 82. What is the remainder when r is divided by p?
7
Suppose 9*b - 19 - 17 = 0. What is the remainder when 10 is divided by b?
2
Suppose -3*c + 24 = c. Suppose v - 7 + 2 = 0. Suppose -70 = -5*u - 5*q - v, 4*q + 28 = u. Calculate the remainder when u is divided by c.
4
Let t(k) be the first derivative of k**4/12 - k**2 - 2*k - 1. Let c(h) be the first derivative of t(h). Calculate the remainder when 4 is divided by c(2).
0
Suppose 0*g + 240 = 3*g. Suppose -g = -2*a - 3*a. Let b = 9 + 0. Calculate the remainder when a is divided by b.
7
What is the remainder when 11 is divided by 158/22 - 1 - (-4)/(-22)?
5
Suppose 2*r + 2*r = 20. Calculate the remainder when 6 is divided by r.
1
Suppose 3*c = c - 56. Let p = 41 + c. Let t = 25 - p. What is the remainder when 47 is divided by t?
11
Let p be 4/(-18) - 56/(-9). Suppose p*c - 8*c + 58 = 0. Let l(u) = -3*u + 2. What is the remainder when c is divided by l(-2)?
5
Suppose -5 = 3*m - 4*j - 55, 5*m - 64 = -3*j. Suppose 9*k - 4*k = 15. Suppose 9 = -k*d + 90. What is the remainder when d is divided by m?
13
Let u(r) = r**3 + 8*r**2 + 8*r - 6. Let j be u(-6). Let z = j + -8. Let g(p) = -p**3 - 5*p**2 - 7*p + 2. Calculate the remainder when g(-5) is divided by z.
7
Suppose -o = 3*n - n - 5, -5*o - 4*n + 43 = 0. What is the remainder when 21 is divided by o?
10
Suppose 0 = -z + 24 + 14. Suppose -w - 4*w + g + z = 0, 3*w - 28 = -2*g. Let q(p) = -4*p**3 - p**2 - p + 1. What is the remainder when q(-2) is divided by w?
7
Let j = 152 + -38. Calculate the remainder when j is divided by 29.
27
Suppose -5*h + 18 = 2*y, 4*y = 4*h + 10 - 2. Let o be (10/4)/(1/6). Suppose 0 = 4*d - p - 12, 5*d - p - 2*p = o. What is the remainder when y is divided by d?
1
Let c(l) = 7*l - 3. Calculate the remainder when c(20) is divided by 35.
32
Suppose c + k = 193, 6*c = c - k + 973. Calculate the remainder when c is divided by 14.
13
Suppose 62 = 5*c - 143. Suppose -2*r = -r + 3*p - 15, -2*r + c = -5*p. Calculate the remainder when 69 is divided by r.
15
Suppose 3*k - g - 104 = 0, k + g + 1 = 37. Let s = 119 - 52. What is the remainder when s is divided by k?
32
Suppose -2*g + 5*g - 322 = t, -g = -3*t - 102. Calculate the remainder when g is divided by 16.
12
Suppose 0*w - 80 = -5*w. Let v = 3 + -4. Calculate the remainder when 45 - (2 + v)/(-1) is divided by w.
14
Let b(r) = r**2 - 4*r + 5. Calculate the remainder when b(-6) is divided by 34.
31
Let b(w) = -w**3 - 3*w**2 + w + 2. Let j be b(-3). Calculate the remainder when 18 + (-1 - (0 - 3)) is divided by j/(-2)*(0 + 14).
6
Suppose 2*h + 4*g - 112 = 0, h - 82 = g - 17. What is the remainder when h is divided by 16?
14
Let p = -173 + 177. Suppose -5*z + 0*x + 55 = -5*x, -z + 3*x + 9 = 0. What is the remainder when z is divided by p?
0
Let s(t) = 3*t**2 + t - 4*t - 1 - 6 + 0*t. Calculate the remainder when s(5) is divided by 27.
26
Calculate the remainder when 80 is divided by (-10)/25 + (-1 - (-217)/5).
38
Suppose -2 = 2*d, 2*d - 10 = -l - l. Suppose v = -3 + l. What is the remainder when 7 is divided by v?
1
Suppose -7*x + x + 462 = 0. What is the remainder when x is divided by 21?
14
Let r be 2/3*(-1 - -4). Suppose -s + 3 =